- -101?
-100001
In base 2, what is 101 + -10100001101?
-10100001000
In base 13, what is 4 + 1c?
23
In base 6, what is 505 - -5?
514
In base 6, what is 2 - -10301?
10303
In base 14, what is -2 + -2c?
-30
In base 8, what is -3 - -13772?
13767
In base 3, what is -111120 + 12?
-111101
In base 16, what is 56 + -5?
51
In base 4, what is 11 - -1030?
1101
In base 16, what is 67a - 5?
675
In base 10, what is 14 - -21?
35
In base 13, what is 0 + -399?
-399
In base 11, what is -5 + -504?
-509
In base 8, what is 4443 - 1?
4442
In base 2, what is 1111000 + -100?
1110100
In base 15, what is 18 - -10?
28
In base 3, what is 101 + -210?
-102
In base 4, what is -110122 - -10?
-110112
In base 12, what is 5 + -21?
-18
In base 12, what is 78 + -1?
77
In base 12, what is -290 - -5?
-287
In base 14, what is -10 + 3?
-b
In base 4, what is 11 + -1103?
-1032
In base 2, what is 11100110100 + 1?
11100110101
In base 11, what is 3 - -1?
4
In base 14, what is 3 + 1c?
21
In base 3, what is -20 - 2020?
-2110
In base 3, what is -101012 + -22?
-101111
In base 11, what is -29 - a?
-38
In base 4, what is 120 - 20?
100
In base 14, what is 5 - d2?
-cb
In base 2, what is 110 + -1111?
-1001
In base 5, what is 101 - -1?
102
In base 9, what is -8 + 14?
5
In base 7, what is 1044 - -1?
1045
In base 2, what is 10010 + 11000110?
11011000
In base 11, what is -1 + -129?
-12a
In base 15, what is -9 + 25?
1b
In base 12, what is -356 + -b?
-365
In base 9, what is -2 + -2783?
-2785
In base 6, what is -1453 - -11?
-1442
In base 11, what is 6 - 4?
2
In base 16, what is 3f + -12?
2d
In base 2, what is -100100010 + -10?
-100100100
In base 3, what is 12 - -1211211?
1212000
In base 7, what is -13 - -50?
34
In base 13, what is -141 + 7?
-137
In base 8, what is -100 - 3?
-103
In base 16, what is 0 - -64?
64
In base 5, what is 3 - 22112?
-22104
In base 2, what is -10111110 - 100?
-11000010
In base 5, what is 31 + 43230?
43311
In base 3, what is -11 - -2001?
1220
In base 6, what is 2020 + -5?
2011
In base 5, what is 22132 + 1?
22133
In base 3, what is -11 + -112?
-200
In base 5, what is -130 + 10?
-120
In base 10, what is 6 + 4?
10
In base 14, what is -15 - 8?
-1d
In base 14, what is -8c - -4?
-88
In base 8, what is -4632 - 0?
-4632
In base 11, what is 4 + 1578?
1581
In base 11, what is 1 - -369?
36a
In base 3, what is 1 - 20020?
-20012
In base 7, what is 25 + 11?
36
In base 8, what is 14 + -2?
12
In base 3, what is 0 - -2212?
2212
In base 4, what is 1 + -11133?
-11132
In base 4, what is 11 - -3201?
3212
In base 7, what is -2 + 56?
54
In base 15, what is 3 - 46?
-43
In base 12, what is 13 + 157?
16a
In base 2, what is -1000011 - -1111?
-110100
In base 6, what is -245350 - -3?
-245343
In base 14, what is -d - -15?
6
In base 7, what is 3 - -55?
61
In base 8, what is -306 - 3?
-311
In base 6, what is 102 + 4030?
4132
In base 13, what is 3 - -1060?
1063
In base 12, what is 16 + 43?
59
In base 4, what is -1110212 - -3?
-1110203
In base 12, what is -2 - 107?
-109
In base 14, what is -2 + -7?
-9
In base 9, what is -1168 - 4?
-1173
In base 12, what is -3 + 7?
4
In base 12, what is 1 - -19a?
19b
In base 12, what is -45 + -1?
-46
In base 4, what is 0 - 123?
-123
In base 8, what is -4270 + 4?
-4264
In base 5, what is 12 + 0?
12
In base 8, what is -6012 - 0?
-6012
In base 3, what is 1001022 - 11?
1001011
In base 12, what is -9b4 - 5?
-9b9
In base 14, what is 13 + -3d?
-2a
In base 10, what is 506 - 2?
504
In base 6, what is -4 + -152?
-200
In base 9, what is -3712 + 2?
-3710
In base 4, what is -2203 + 3?
-2200
In base 16, what is -47 + -42?
-89
In base 11, what is -848 + -4?
-851
In base 2, what is 1000011010 + -1?
1000011001
In base 7, what is -10 + -524?
-534
In base 16, what is -57 + -1?
-58
In base 14, what is 3 - -4?
7
In base 2, what is 101100111100000 - -1?
101100111100001
In base 10, what is -281 - -1?
-280
In base 4, what is 32113 + 2?
32121
In base 4, what is 3103 + 13?
3122
In base 8, what is 25 - -1166?
1213
In base 12, what is 3b - -3?
42
In base 2, what is -100011 - 11?
-100110
In base 15, what is 9 - -39?
43
In base 12, what is 3 + -104?
-101
In base 14, what is -1996 - 4?
-199a
In base 4, what is 11 + -2202?
-2131
In base 2, what is 100010011 - -100001?
100110100
In base 16, what is 0 + 15f?
15f
In base 4, what is 1 - 13211?
-13210
In base 16, what is -1ba - -14?
-1a6
In base 12, what is -2572 - -2?
-2570
In base 5, what is 0 - 4440?
-4440
In base 5, what is 43 + 4034?
4132
In base 12, what is -427 - -4?
-423
In base 13, what is 2 - -56?
58
In base 14, what is 5 + -568?
-563
In base 16, what is 23a + -1e?
21c
In base 10, what is 0 + 95?
95
In base 3, what is -10 + -212?
-222
In base 5, what is 11 - -300?
311
In base 10, what is 3 + -104?
-101
In base 7, what is -13260 + -6?
-13266
In base 7, what is 4 + 1042?
1046
In base 6, what is -103 - -3?
-100
In base 12, what is 5 - -1a?
23
In base 9, what is 121 + 37?
158
In base 7, what is 6 + -3663?
-3654
In base 15, what is 11 + 94?
a5
In base 14, what is 3 - -7?
a
In base 3, what is 10122222 + 12?
10200011
In base 11, what is -744 - 3?
-747
In base 15, what is -4 + 546?
542
In base 8, what is -3 + 1335?
1332
In base 2, what is 1000 - 100100?
-11100
In base 10, what is -118 - 1?
-119
In base 3, what is -2001 - 1200?
-10201
In base 5, what is 1414 - 122?
1242
In base 2, what is -11100 + -10000?
-101100
In base 13, what is -b9 - -8?
-b1
In base 8, what is -561 + -10?
-571
In base 13, what is -94c8 + 0?
-94c8
In base 4, what is 2 + 32332?
33000
In base 3, what is 10212122 + 12?
10212211
In base 12, what is 1 + a?
b
In base 15, what is -5 + -30a?
-310
In base 16, what is 5 + 102?
107
In base 6, what is -20 + -120?
-140
In base 14, what is d + 2a?
39
In base 6, what is 111 - -121?
232
In base 5, what is 244 + 12?
311
In base 6, what is -21 - -24?
3
In base 16, what is 5 - 90?
-8b
In base 13, what is 3a + -3?
37
In base 5, what is 10 - -2404?
2414
In base 3, what is 112121 + 1?
112122
In base 14, what is -9a6 + -1?
-9a7
In base 4, what is -11 - 22131?
-22202
In base 9, what is -5 + -43?
-48
In base 8, what is 0 - 61?
-61
In base 5, what is 21312 + 1?
21313
In base 16, what is 18 + -3?
15
In base 7, what is 105 - 0?
105
In base 11, what is 10 - 465?
-455
In base 9, what is -2 + 87?
85
In base 16, what is -2 - 12?
-14
In base 16, what is -2 + 19f?
19d
In base 15, what is 28 + -11?
17
In base 8, what is 3 - 247?
-244
In base 13, what is -9a - -5?
-95
In base 7, what is 3 + 631?
634
In base 12, what is -1 - 1b1?
-1b2
In base 12, what is -3 - -3573?
3570
In base 14, what is 14c + -2?
14a
In base 10, what is 6 + 3?
9
In base 11, what is -26a - 1a?
-289
In base 6, what is 4 + 3?
11
In base 5, what is -300 - 44?
-344
In base 11, what is -2 + -32?
-34
In base 15, what is -1 - -26?
25
In base 10, what is 1 - 51?
-50
In base 8, what is -66 + -11?
-77
In base 16, what is 15 - 7?
e
In base 4, what is 1110 + 11?
1121
In base 12, what is -104 - -44?
-80
In base 9, what is -22 + -53?
-75
In base 6, what is 13035 + 4?
13043
In base 10, what is 636 + 5?
641
In base 8, what is -5 - 455?
-462
In base 16, what is 22 - 10?
12
In base 9, what is 6041 - 4?
6036
In base 15, what is -26 + -5?
-2b
In base 14, what is 1d12 + -2?
1d10
In base 4, what is -233 - 11?
-310
In base 12, what is -613 - -12?
-601
In base 9, what is 0 - -141?
141
In base 5, what is 1222 + 10?
1232
In base 16, what is 2e1 + -2?
2df
In base 3, what is -100 + 12002?
11202
In base 13, what is 0 + -28?
-28
In base 8, what is -6 + -122?
-130
In base 16, what is 396 + 3?
399
In base 8, what is -5 - -13556?
13551
In base 4, what is -1 - 112212?
-112213
In base 6, what is -4354 - -14?
-4340
In base 15, what is -5 - -2?
-3
In base 8, what is 6 - -30?
36
In base 6, what is 221 - 4?
213
In base 5, what is -2 - 24?
-31
In base 2, what is 1100 + -100100?
-11000
In base 5, what is -204 - -20?
-134
In base 10, what is -263 - 19?
-282
In base 11, what is 0 - -26?
26
In base 3, what is -12021 - -11?
-12010
In base 5, what is 1202 - -1?
1203
In base 4, what is -1310122 - -10?
-1310112
In base 10, what is 181 + -1?
180
In base 13, what is 17a - 13?
167
In base 5, what is -3 + -121?
-124
In base 12, what is 5 - -33?
38
In base 12, what is 3 + -b1?
-aa
In base 7, what is 0 + -1010?
-1010
In base 14, what is 5 - -67?
6c
In base 6, what 